e third derivative of b(p). Determine i(4).
-7
Suppose 2*c + 5*d = 3, c - 3*d - 7 = -0*c. Let r(p) = 2*p**2 - 4*p - 1. Give r(c).
15
Suppose -11 = -2*k + 1. Suppose 4*w = w - k. Let c(r) = -2*r**2 - 4*r - 2. Give c(w).
-2
Let y(u) = -2*u**2 - 24*u - 20. Let a be y(-11). Let g(n) = 0*n - n**3 + 3*n - 1 + 0*n. What is g(a)?
-3
Let z = -4 + 8. Let o(j) = -1 - 2*j + 2*j + 2*j - 3*j. What is o(z)?
-5
Let k(g) be the first derivative of g**4/4 - 7*g**3/3 - 9*g**2/2 + 2*g - 5. Give k(8).
-6
Let o = -1 + 6. Suppose -o*f + 6 = -9. Let i(m) = -2*m + 1. Determine i(f).
-5
Let m = -29 + 9. Let x be (-54)/(-10) + 8/m. Let b(t) = -6*t**2 - t**3 - x + 3 - t - 5*t. Calculate b(-5).
3
Let n(u) = -14*u. Let i(v) be the third derivative of -v**6/120 + v**5/6 + v**4/2 - 2*v**3 - 6*v**2. Let j be i(11). Give n(j).
14
Let f be 0 - 1 - (-130)/5. Suppose -t - f = 4*t. Let s(p) = 4*p**2 + 7*p + 1. Let j(y) = -5*y**2 - 7*y - 1. Let r(k) = 3*j(k) + 4*s(k). Give r(t).
-9
Let i(r) = -r + 2. Suppose 4*q + 4*u - 6*u = 18, 0 = -4*q - u + 9. Suppose -2*v + 4*w - 8 = 0, -q*w + 20 = 4*v - 2*w. Let h = v + -8. Determine i(h).
6
Let x be (8/12)/(4/(-6)). Suppose -3*m + 12 = m. Let y(b) = -b**m - 5*b - 1 + b + 2*b. Calculate y(x).
2
Let v = -1 - -9. Suppose -3*c = c + v, -o + 4*c = -3. Let t(p) = p**2 + 4*p + 3. Determine t(o).
8
Let s(x) = 1 + x - 4 + 4. What is s(-4)?
-3
Suppose -t + 4 = -0. Let c(w) = t + 1 + w + 0*w. Suppose 10*g - 46 = -106. Determine c(g).
-1
Suppose 6*m = 2*m. Let b(r) = 8*r + 6*r - 1 + r. Let s(g) = 7*g - 1. Let q(k) = -6*b(k) + 13*s(k). Give q(m).
-7
Let n(f) be the second derivative of f**3/6 + 2*f**2 - 5*f. Determine n(-4).
0
Let q(v) be the third derivative of -13*v**6/120 - v**5/30 - v**4/24 + 2*v**2 - 7. What is q(-1)?
12
Let a = 9 + -7. Let l(d) = 0*d**2 + d**2 + 5 - a*d**2 + 3. Let c = 9 - 9. What is l(c)?
8
Let z(o) = 2*o. Let q be z(1). Let i(p) = -3 - 1 - 2*p + 5 + p**2. Determine i(q).
1
Let y(m) = -3*m**3 + m**2 + 2*m + 1. Let i(l) = -l**2 + 9*l - 6. Let b be i(8). Let x be b + (4 - 3 - 4). Determine y(x).
3
Let c(m) = 3*m + 5. Let w(d) = -d - 1. Let q(j) = -4*j - 5. Let g(n) = q(n) - 3*w(n). Let f = 6 + -8. Let s(r) = f*c(r) - 5*g(r). Determine s(-1).
1
Suppose -4*x - 29 = 3*z, -2*x = -z - 6*x - 23. Suppose 27 = 7*u - 2*u + 2*v, 0 = 5*u - 3*v - 22. Let g = u + z. Let n(j) = 2*j + 1. Give n(g).
5
Let a(x) = 1 - 2*x**2 + x**3 + 6*x**2 - 4*x - 4. Suppose -w - 2*w + 25 = -5*c, -3*w = c + 5. Determine a(c).
-8
Let a be ((-2)/(-3)*-3)/1. Let b(t) = -2*t + 2. Calculate b(a).
6
Let f(n) = -5*n**3 + n**2 - n - 1. Let z = -4 + 2. Let h = 4 + z. Suppose -2*l + 0 = h. Determine f(l).
6
Let y be (3/(-6))/((-1)/22). Suppose -j - 1 = -y. Suppose -p + 6 = -3*p, -o + j = -3*p. Let t(s) = -4*s - 1. Determine t(o).
-5
Let l(u) = 3 - 124*u + 250*u - 7*u**2 + u**3 - 122*u. Let z be (-1)/5 - 1/(-5). Suppose 4*n - 2*f - 18 = z, n - 3 - 9 = -2*f. Calculate l(n).
-9
Let o(q) = q**3 - q**2 - 1. Suppose 5*u = -5 + 10. Let i(g) = -6*g**3 + 5*g**2 + 2*g + 5. Let l(h) = u*i(h) + 5*o(h). Calculate l(2).
-4
Suppose -4*j + y - 13 = 0, 5*j + 3*y - 9 = -38. Let o(v) = v**2 - 2. Calculate o(j).
14
Suppose -5*j = 3*z - 0*z + 5, 2*z = -j - 8. Let o(x) be the first derivative of 2 + x - 1/2*x**j. Calculate o(-4).
5
Let v be 3/(-15) + (-3 - (-104)/20). Let j(n) = -3*n**2 + 2*n + 1. Give j(v).
-7
Let l(x) be the first derivative of x**4/4 + 5*x**3/3 + x**2 + 7*x + 1. Let t(n) = n**3 + 6*n**2 + 5*n + 7. Let q be t(-5). Let b = 2 - q. Give l(b).
-3
Let b(y) = -y**3 - 24*y**2 - 24*y - 19. Let k be b(-23). Let x(i) = -i + 2. Give x(k).
-2
Let i(l) = l**2 + 4. Let w be i(0). Let r(y) = 2*y**3 - y**2 + y. Let k be r(1). Let n(h) = 3 - w*h + k - 4. Give n(2).
-7
Let r(m) be the second derivative of m**4/3 + m**3/3 + m**2/2 + m. Let f(z) = z**3 + 4*z**2 + 6*z + 8. Let c be f(-3). Calculate r(c).
3
Let h(l) = l - 6. Let c be 3/1 + (-26)/(-13). Give h(c).
-1
Let h be (2*(0 - 1))/((-8)/(-28)). Let c(k) = -2*k. What is c(h)?
14
Let y(m) = m**2 - 8*m + 1. Let w(g) = 3*g**2 - 23*g + 3. Let v(d) = -4*w(d) + 11*y(d). Give v(5).
-6
Let i = -8 + 14. Let b(m) = -m**3 + 7*m**2 - 7*m - 2. Determine b(i).
-8
Let g be ((-5)/100)/((-19)/(-25) - 1). Let k(j) be the third derivative of 0 + 2/3*j**3 + 0*j - g*j**4 - 1/30*j**5 + j**2. Calculate k(-4).
-8
Let d(f) = f**2 + 8*f - 7. Let v = -4 + -5. What is d(v)?
2
Suppose -19 = -2*n - 5*t + 14, n - 5*t = -21. Suppose 3*h = -4*f + 5, -2 + 0 = 2*h. Let b(u) = -4 + 0*u**2 + 5*u - f*u**2 + u**2. Determine b(n).
0
Suppose 6*u - 13*u = -21. Let z(f) = -f - 3. What is z(u)?
-6
Let w(m) = -m**3 + 5*m**2 + 2*m - 3. Let i be 6 + (-2 + -1)/(4 - 3). Give w(i).
21
Let j = 195 + -295. Let i be (-9)/(-21) - j/28. Let v(o) = -o**3 + 5*o**2 - o + 2. What is v(i)?
14
Let v(g) be the second derivative of -g**4/12 + g**3/3 + g**2/2 - 9*g. Let m be (10 - (-4)/(-2))/2. Give v(m).
-7
Let b(d) = -d**2 - d + 4. Suppose 3*y = 6, 0 = 5*q - 3*y + 25 - 4. Determine b(q).
-2
Let s(q) = q - 1. Let k(h) be the second derivative of h**3/6 - 15*h**2/2 + 5*h. Let i be k(19). Give s(i).
3
Let j(v) be the second derivative of 0 - 3*v - 1/20*v**5 + 1/6*v**4 + 0*v**3 + 1/2*v**2. What is j(2)?
1
Let l be (1*(0 - 0))/(-1). Let y(h) = 7*h**3 + 5*h**2 - 5*h + 1. Let v(n) = -5*n**3 - n**3 + 4*n - 1 + 0 - 4*n**2. Let x(j) = -6*v(j) - 5*y(j). What is x(l)?
1
Let g be 30/(-9)*(-24)/20. Let q(x) = -x**3 + 4*x**2 + x - 3. Calculate q(g).
1
Let i be (-3)/(-12) + (-23)/(-4). Suppose -3*a - 9 = 0, i*k = 3*k + 2*a + 6. Let s(v) = -4 + k*v + 4 - v. Determine s(-6).
6
Let t(y) = 3*y - 3*y + 2*y - y + 7. Suppose 0 = 2*z + 2*z. Give t(z).
7
Let j(u) be the first derivative of u**3/6 - u**2 + u - 1. Let i(v) be the first derivative of j(v). Give i(0).
-2
Let v(h) = 11*h**2 - 23*h - 12. Let m(g) = -4*g**2 + 8*g + 4. Let d(k) = -8*m(k) - 3*v(k). Suppose -5*u + i + 0*i + 21 = 0, -2*u + 26 = 4*i. Determine d(u).
4
Let j(r) = r**3 - r**2 - r + 2. Let t be j(0). Let q(h) = 0*h**2 + 3*h - h**t - h**2 - 2 - h**3. Suppose 16 = -4*s, 4*s + 13 = 2*l - l. Calculate q(l).
-2
Let n(p) = -3*p + 2. Let m(u) = -21*u + 15. Let z(j) = -2*m(j) + 15*n(j). Suppose 3*q + 2*w = -0*q + 3, 0 = 2*w. Calculate z(q).
-3
Suppose v = -5 - 0. Let w(b) = -2*b - 4. Let x(z) = 5 - 4*z - 14 + 0*z. Let u(j) = 5*w(j) - 2*x(j). What is u(v)?
8
Let g(x) = -14*x**2 + 38*x**2 - 23*x**2 - 1. Calculate g(1).
0
Let y = 16 + -11. Let k(p) be the third derivative of -p**6/120 + p**5/10 - 5*p**4/24 - 2*p**2. Determine k(y).
0
Suppose 0 = 3*p - 5*p - 4*f - 4, 2*p = 2*f + 8. Suppose -o + 4 = p. Let c(x) = -x**3 + 2*x - 3. What is c(o)?
-7
Let p(z) = -2*z - 4. Let g(l) = 1. Let t(d) = g(d) - p(d). Let v = -6 - -2. Give t(v).
-3
Let f(j) = -j + 5. Let b(a) = -4*a + 24. Let z(p) = -5*b(p) + 24*f(p). Determine z(-1).
4
Let o(l) be the first derivative of -l**2 + 2*l - 13. Calculate o(3).
-4
Let a(g) = 4*g + 18. Let f(c) = -6*c - 27. Let l(u) = 8*a(u) + 5*f(u). Calculate l(-7).
-5
Let a(t) = -9*t - 15. Let x(f) = 4*f + 8. Let r(l) = -3*a(l) - 7*x(l). What is r(-8)?
-3
Let k be 10/4*(-2)/(-5). Let o(w) = -w - 1. Let i(v) = -3. Let u(r) = k*i(r) - 2*o(r). Let p be ((-2)/4)/(1/(-6)). What is u(p)?
5
Let w(d) = -2*d. Let b be w(-1). Let h(z) = 2*z**2 + 37*z - z**3 + 38*z - 115*z + 37*z. What is h(b)?
-6
Let r(l) = -l + 1. Let m(y) = -y**2 + 9*y + 3. Let i(z) = -m(z) - 5*r(z). What is i(6)?
4
Let l(g) = -g + 2*g**2 - g**2 + 2*g**2 + 2*g. Give l(2).
14
Let k(x) be the third derivative of 0 - 5/24*x**4 + 0*x**3 + 0*x - x**2. Let t = -4 - -3. Calculate k(t).
5
Let m be 7 - 6*1/2. Let o = 0 - m. Let j(q) = q + 2. Give j(o).
-2
Let n(q) = -8*q + 3. Let b(y) = -15*y + 6. Let w(i) = -3*b(i) + 5*n(i). Calculate w(2).
7
Let r(k) = -3*k**2 + 11*k**3 + 2 - 3*k**3 - 1 - 10*k**3. What is r(-3)?
28
Suppose -3*x - 1 - 8 = 0. Let z = -1 - x. Let y(h) = 5*h**3 + 9*h - 2. Let t(w) = 14*w**3 + 26*w - 6. Let q(o) = 6*t(o) - 17*y(o). Calculate q(z).
-4
Let c(u) = u**2 + 3*u - 3. Let v be c(-3). Let l(b) be the third derivative of -b**5/60 - b**4/8 + b**3/3 + 2*b**2. What is l(v)?
2
Let h(t) = -1. Let w(a) = -a**2 - a - 19. Let z(b) = 4*h(b) - w(b). Determine z(0).
15
Let j(w) = -w - 6. Let t(s) = -s. Let f(o) = -j(o) + 5*t(o). Determine f(4).
-10
Let v(c) = -1. Let x(f) = -f + 10. Let q(l) = 